{"id":5805,"date":"2016-07-21T08:00:50","date_gmt":"2016-07-21T06:00:50","guid":{"rendered":"https:\/\/mommertz.health\/produkt\/gl-glasses\/"},"modified":"2023-01-14T09:01:01","modified_gmt":"2023-01-14T08:01:01","slug":"mommertz-crema-de-dia","status":"publish","type":"product","link":"https:\/\/mommertz.health\/es\/produkt\/mommertz-crema-de-dia\/","title":{"rendered":"Dr. Mommertz Crema de d\u00eda"},"content":{"rendered":"<p>Crema de d\u00eda Dr. Mommertz<\/p>\n<p>Suave crema de d\u00eda para el cuidado diario de la piel. Su principal activo, el BAKUCHIOL, estimula la s\u00edntesis de col\u00e1geno, tiene efecto antimicrobiano y combate los radicales libres, por lo que est\u00e1 predestinado a combatir las arrugas y el envejecimiento prematuro de la piel (efecto antiedad).<\/p>\n<p>Los valiosos aceites vegetales como el de macadamia, girasol y pepitas de uva aportan flexibilidad a la piel. Adem\u00e1s, el extracto de mangnolia utilizado protege la piel de los rayos UV nocivos y las propiedades antibacterianas de la CREMA DE D\u00cdA DR. MOMMERTZ tambi\u00e9n pueden utilizarse en pieles con tendencia a las manchas.<\/p>\n","protected":false},"excerpt":{"rendered":"<p>Lorem Ipsum proin gravida nibh vel velit auctor aliquet. Aenean sollicitudin, lorem quis bibendum auctor, nisi elit consequat ipsum, nec sagittis sem nibh id elit. Duis sed tincidunt.<\/p>\n","protected":false},"featured_media":5123,"comment_status":"open","ping_status":"closed","template":"","meta":[],"product_brand":[],"product_cat":[214],"product_tag":[215,216],"class_list":{"0":"post-5805","1":"product","2":"type-product","3":"status-publish","4":"has-post-thumbnail","6":"product_cat-polycarbonate-lenses-es","7":"product_tag-beauty-es","8":"product_tag-eyewear-es","10":"first","11":"instock","12":"taxable","13":"shipping-taxable","14":"purchasable","15":"product-type-simple"},"yoast_head":"<!-- This site is optimized with the Yoast SEO plugin v25.6 - https:\/\/yoast.com\/wordpress\/plugins\/seo\/ -->\n<title>Dr. Mommertz Crema de d\u00eda - Mommertz Health - Gesund und sch\u00f6n an der Costa de la Luz<\/title>\n<meta name=\"robots\" content=\"index, follow, max-snippet:-1, max-image-preview:large, max-video-preview:-1\" \/>\n<link rel=\"canonical\" href=\"https:\/\/mommertz.health\/es\/produkt\/mommertz-crema-de-dia\/\" \/>\n<meta property=\"og:locale\" content=\"es_ES\" \/>\n<meta property=\"og:type\" content=\"article\" \/>\n<meta property=\"og:title\" content=\"Dr. Mommertz Crema de d\u00eda - Mommertz Health - Gesund und sch\u00f6n an der Costa de la Luz\" \/>\n<meta property=\"og:description\" content=\"Lorem Ipsum proin gravida nibh vel velit auctor aliquet. Aenean sollicitudin, lorem quis bibendum auctor, nisi elit consequat ipsum, nec sagittis sem nibh id elit. Duis sed tincidunt.\" \/>\n<meta property=\"og:url\" content=\"https:\/\/mommertz.health\/es\/produkt\/mommertz-crema-de-dia\/\" \/>\n<meta property=\"og:site_name\" content=\"Mommertz Health - Gesund und sch\u00f6n an der Costa de la Luz\" \/>\n<meta property=\"article:publisher\" content=\"https:\/\/www.facebook.com\/profile.php?id=100088873442215\" \/>\n<meta property=\"article:modified_time\" content=\"2023-01-14T08:01:01+00:00\" \/>\n<meta property=\"og:image\" content=\"https:\/\/mommertz.health\/wp-content\/uploads\/2016\/07\/shop-product-15.jpg\" \/>\n\t<meta property=\"og:image:width\" content=\"800\" \/>\n\t<meta property=\"og:image:height\" content=\"800\" \/>\n\t<meta property=\"og:image:type\" content=\"image\/jpeg\" \/>\n<meta name=\"twitter:card\" content=\"summary_large_image\" \/>\n<meta name=\"twitter:label1\" content=\"Tiempo de lectura\" \/>\n\t<meta name=\"twitter:data1\" content=\"1 minuto\" \/>\n<script type=\"application\/ld+json\" class=\"yoast-schema-graph\">{\"@context\":\"https:\/\/schema.org\",\"@graph\":[{\"@type\":\"WebPage\",\"@id\":\"https:\/\/mommertz.health\/es\/produkt\/mommertz-crema-de-dia\/\",\"url\":\"https:\/\/mommertz.health\/es\/produkt\/mommertz-crema-de-dia\/\",\"name\":\"Dr. Mommertz Crema de d\u00eda - Mommertz Health - Gesund und sch\u00f6n an der Costa de la Luz\",\"isPartOf\":{\"@id\":\"https:\/\/mommertz.health\/es\/#website\"},\"primaryImageOfPage\":{\"@id\":\"https:\/\/mommertz.health\/es\/produkt\/mommertz-crema-de-dia\/#primaryimage\"},\"image\":{\"@id\":\"https:\/\/mommertz.health\/es\/produkt\/mommertz-crema-de-dia\/#primaryimage\"},\"thumbnailUrl\":\"https:\/\/mommertz.health\/wp-content\/uploads\/2016\/07\/shop-product-15.jpg\",\"datePublished\":\"2016-07-21T06:00:50+00:00\",\"dateModified\":\"2023-01-14T08:01:01+00:00\",\"breadcrumb\":{\"@id\":\"https:\/\/mommertz.health\/es\/produkt\/mommertz-crema-de-dia\/#breadcrumb\"},\"inLanguage\":\"es\",\"potentialAction\":[{\"@type\":\"ReadAction\",\"target\":[\"https:\/\/mommertz.health\/es\/produkt\/mommertz-crema-de-dia\/\"]}]},{\"@type\":\"ImageObject\",\"inLanguage\":\"es\",\"@id\":\"https:\/\/mommertz.health\/es\/produkt\/mommertz-crema-de-dia\/#primaryimage\",\"url\":\"https:\/\/mommertz.health\/wp-content\/uploads\/2016\/07\/shop-product-15.jpg\",\"contentUrl\":\"https:\/\/mommertz.health\/wp-content\/uploads\/2016\/07\/shop-product-15.jpg\",\"width\":800,\"height\":800},{\"@type\":\"BreadcrumbList\",\"@id\":\"https:\/\/mommertz.health\/es\/produkt\/mommertz-crema-de-dia\/#breadcrumb\",\"itemListElement\":[{\"@type\":\"ListItem\",\"position\":1,\"name\":\"Startseite\",\"item\":\"https:\/\/mommertz.health\/es\/home\/\"},{\"@type\":\"ListItem\",\"position\":2,\"name\":\"Productos\",\"item\":\"https:\/\/mommertz.health\/es\/shop\/\"},{\"@type\":\"ListItem\",\"position\":3,\"name\":\"Dr. Mommertz Crema de d\u00eda\"}]},{\"@type\":\"WebSite\",\"@id\":\"https:\/\/mommertz.health\/es\/#website\",\"url\":\"https:\/\/mommertz.health\/es\/\",\"name\":\"Mommertz Health - Gesund und sch\u00f6n an der Costa de la Luz\",\"description\":\"Wir bieten Ihnen die passenden Kosmetik- und Gesundheitsbehandlungen f\u00fcr Ihren perfekten Urlaub an der Costa de la Luz\",\"publisher\":{\"@id\":\"https:\/\/mommertz.health\/es\/#organization\"},\"potentialAction\":[{\"@type\":\"SearchAction\",\"target\":{\"@type\":\"EntryPoint\",\"urlTemplate\":\"https:\/\/mommertz.health\/es\/?s={search_term_string}\"},\"query-input\":{\"@type\":\"PropertyValueSpecification\",\"valueRequired\":true,\"valueName\":\"search_term_string\"}}],\"inLanguage\":\"es\"},{\"@type\":\"Organization\",\"@id\":\"https:\/\/mommertz.health\/es\/#organization\",\"name\":\"Dr. Mommertz - Mommertz Health\",\"url\":\"https:\/\/mommertz.health\/es\/\",\"logo\":{\"@type\":\"ImageObject\",\"inLanguage\":\"es\",\"@id\":\"https:\/\/mommertz.health\/es\/#\/schema\/logo\/image\/\",\"url\":\"https:\/\/mommertz.health\/wp-content\/uploads\/2022\/12\/Small.png\",\"contentUrl\":\"https:\/\/mommertz.health\/wp-content\/uploads\/2022\/12\/Small.png\",\"width\":512,\"height\":506,\"caption\":\"Dr. Mommertz - Mommertz Health\"},\"image\":{\"@id\":\"https:\/\/mommertz.health\/es\/#\/schema\/logo\/image\/\"},\"sameAs\":[\"https:\/\/www.facebook.com\/profile.php?id=100088873442215\",\"https:\/\/www.instagram.com\/dr_g_mommertz_beleza_y_salud\/\"]}]}<\/script>\n<!-- \/ Yoast SEO plugin. -->","yoast_head_json":{"title":"Dr. Mommertz Crema de d\u00eda - Mommertz Health - Gesund und sch\u00f6n an der Costa de la Luz","robots":{"index":"index","follow":"follow","max-snippet":"max-snippet:-1","max-image-preview":"max-image-preview:large","max-video-preview":"max-video-preview:-1"},"canonical":"https:\/\/mommertz.health\/es\/produkt\/mommertz-crema-de-dia\/","og_locale":"es_ES","og_type":"article","og_title":"Dr. Mommertz Crema de d\u00eda - Mommertz Health - Gesund und sch\u00f6n an der Costa de la Luz","og_description":"Lorem Ipsum proin gravida nibh vel velit auctor aliquet. Aenean sollicitudin, lorem quis bibendum auctor, nisi elit consequat ipsum, nec sagittis sem nibh id elit. Duis sed tincidunt.","og_url":"https:\/\/mommertz.health\/es\/produkt\/mommertz-crema-de-dia\/","og_site_name":"Mommertz Health - Gesund und sch\u00f6n an der Costa de la Luz","article_publisher":"https:\/\/www.facebook.com\/profile.php?id=100088873442215","article_modified_time":"2023-01-14T08:01:01+00:00","og_image":[{"width":800,"height":800,"url":"https:\/\/mommertz.health\/wp-content\/uploads\/2016\/07\/shop-product-15.jpg","type":"image\/jpeg"}],"twitter_card":"summary_large_image","twitter_misc":{"Tiempo de lectura":"1 minuto"},"schema":{"@context":"https:\/\/schema.org","@graph":[{"@type":"WebPage","@id":"https:\/\/mommertz.health\/es\/produkt\/mommertz-crema-de-dia\/","url":"https:\/\/mommertz.health\/es\/produkt\/mommertz-crema-de-dia\/","name":"Dr. Mommertz Crema de d\u00eda - Mommertz Health - Gesund und sch\u00f6n an der Costa de la Luz","isPartOf":{"@id":"https:\/\/mommertz.health\/es\/#website"},"primaryImageOfPage":{"@id":"https:\/\/mommertz.health\/es\/produkt\/mommertz-crema-de-dia\/#primaryimage"},"image":{"@id":"https:\/\/mommertz.health\/es\/produkt\/mommertz-crema-de-dia\/#primaryimage"},"thumbnailUrl":"https:\/\/mommertz.health\/wp-content\/uploads\/2016\/07\/shop-product-15.jpg","datePublished":"2016-07-21T06:00:50+00:00","dateModified":"2023-01-14T08:01:01+00:00","breadcrumb":{"@id":"https:\/\/mommertz.health\/es\/produkt\/mommertz-crema-de-dia\/#breadcrumb"},"inLanguage":"es","potentialAction":[{"@type":"ReadAction","target":["https:\/\/mommertz.health\/es\/produkt\/mommertz-crema-de-dia\/"]}]},{"@type":"ImageObject","inLanguage":"es","@id":"https:\/\/mommertz.health\/es\/produkt\/mommertz-crema-de-dia\/#primaryimage","url":"https:\/\/mommertz.health\/wp-content\/uploads\/2016\/07\/shop-product-15.jpg","contentUrl":"https:\/\/mommertz.health\/wp-content\/uploads\/2016\/07\/shop-product-15.jpg","width":800,"height":800},{"@type":"BreadcrumbList","@id":"https:\/\/mommertz.health\/es\/produkt\/mommertz-crema-de-dia\/#breadcrumb","itemListElement":[{"@type":"ListItem","position":1,"name":"Startseite","item":"https:\/\/mommertz.health\/es\/home\/"},{"@type":"ListItem","position":2,"name":"Productos","item":"https:\/\/mommertz.health\/es\/shop\/"},{"@type":"ListItem","position":3,"name":"Dr. Mommertz Crema de d\u00eda"}]},{"@type":"WebSite","@id":"https:\/\/mommertz.health\/es\/#website","url":"https:\/\/mommertz.health\/es\/","name":"Mommertz Health - Gesund und sch\u00f6n an der Costa de la Luz","description":"Wir bieten Ihnen die passenden Kosmetik- und Gesundheitsbehandlungen f\u00fcr Ihren perfekten Urlaub an der Costa de la Luz","publisher":{"@id":"https:\/\/mommertz.health\/es\/#organization"},"potentialAction":[{"@type":"SearchAction","target":{"@type":"EntryPoint","urlTemplate":"https:\/\/mommertz.health\/es\/?s={search_term_string}"},"query-input":{"@type":"PropertyValueSpecification","valueRequired":true,"valueName":"search_term_string"}}],"inLanguage":"es"},{"@type":"Organization","@id":"https:\/\/mommertz.health\/es\/#organization","name":"Dr. Mommertz - Mommertz Health","url":"https:\/\/mommertz.health\/es\/","logo":{"@type":"ImageObject","inLanguage":"es","@id":"https:\/\/mommertz.health\/es\/#\/schema\/logo\/image\/","url":"https:\/\/mommertz.health\/wp-content\/uploads\/2022\/12\/Small.png","contentUrl":"https:\/\/mommertz.health\/wp-content\/uploads\/2022\/12\/Small.png","width":512,"height":506,"caption":"Dr. Mommertz - Mommertz Health"},"image":{"@id":"https:\/\/mommertz.health\/es\/#\/schema\/logo\/image\/"},"sameAs":["https:\/\/www.facebook.com\/profile.php?id=100088873442215","https:\/\/www.instagram.com\/dr_g_mommertz_beleza_y_salud\/"]}]}},"jetpack_sharing_enabled":true,"_links":{"self":[{"href":"https:\/\/mommertz.health\/es\/wp-json\/wp\/v2\/product\/5805","targetHints":{"allow":["GET"]}}],"collection":[{"href":"https:\/\/mommertz.health\/es\/wp-json\/wp\/v2\/product"}],"about":[{"href":"https:\/\/mommertz.health\/es\/wp-json\/wp\/v2\/types\/product"}],"replies":[{"embeddable":true,"href":"https:\/\/mommertz.health\/es\/wp-json\/wp\/v2\/comments?post=5805"}],"wp:featuredmedia":[{"embeddable":true,"href":"https:\/\/mommertz.health\/es\/wp-json\/wp\/v2\/media\/5123"}],"wp:attachment":[{"href":"https:\/\/mommertz.health\/es\/wp-json\/wp\/v2\/media?parent=5805"}],"wp:term":[{"taxonomy":"product_brand","embeddable":true,"href":"https:\/\/mommertz.health\/es\/wp-json\/wp\/v2\/product_brand?post=5805"},{"taxonomy":"product_cat","embeddable":true,"href":"https:\/\/mommertz.health\/es\/wp-json\/wp\/v2\/product_cat?post=5805"},{"taxonomy":"product_tag","embeddable":true,"href":"https:\/\/mommertz.health\/es\/wp-json\/wp\/v2\/product_tag?post=5805"}],"curies":[{"name":"wp","href":"https:\/\/api.w.org\/{rel}","templated":true}]}}

Dr. Mommertz Crema de día

<p>Crema de día Dr. Mommertz</p>
<p>Suave crema de día para el cuidado diario de la piel. Su principal activo, el BAKUCHIOL, estimula la síntesis de colágeno, tiene efecto antimicrobiano y combate los radicales libres, por lo que está predestinado a combatir las arrugas y el envejecimiento prematuro de la piel (efecto antiedad).</p>
<p>Los valiosos aceites vegetales como el de macadamia, girasol y pepitas de uva aportan flexibilidad a la piel. Además, el extracto de mangnolia utilizado protege la piel de los rayos UV nocivos y las propiedades antibacterianas de la CREMA DE DÍA DR. MOMMERTZ también pueden utilizarse en pieles con tendencia a las manchas.</p>

<!-- This site is optimized with the Yoast SEO plugin v25.6 - https://yoast.com/wordpress/plugins/seo/ -->
<title>Dr. Mommertz Crema de día - Mommertz Health - Gesund und schön an der Costa de la Luz</title>
<meta name="robots" content="index, follow, max-snippet:-1, max-image-preview:large, max-video-preview:-1" />
<link rel="canonical" href="https://mommertz.health/es/produkt/mommertz-crema-de-dia/" />
<meta property="og:locale" content="es_ES" />
<meta property="og:type" content="article" />
<meta property="og:title" content="Dr. Mommertz Crema de día - Mommertz Health - Gesund und schön an der Costa de la Luz" />
<meta property="og:description" content="Lorem Ipsum proin gravida nibh vel velit auctor aliquet. Aenean sollicitudin, lorem quis bibendum auctor, nisi elit consequat ipsum, nec sagittis sem nibh id elit. Duis sed tincidunt." />
<meta property="og:url" content="https://mommertz.health/es/produkt/mommertz-crema-de-dia/" />
<meta property="og:site_name" content="Mommertz Health - Gesund und schön an der Costa de la Luz" />
<meta property="article:publisher" content="https://www.facebook.com/profile.php?id=100088873442215" />
<meta property="article:modified_time" content="2023-01-14T08:01:01+00:00" />
<meta property="og:image" content="https://mommertz.health/wp-content/uploads/2016/07/shop-product-15.jpg" />
	<meta property="og:image:width" content="800" />
	<meta property="og:image:height" content="800" />
	<meta property="og:image:type" content="image/jpeg" />
<meta name="twitter:card" content="summary_large_image" />
<meta name="twitter:label1" content="Tiempo de lectura" />
	<meta name="twitter:data1" content="1 minuto" />
<script type="application/ld+json" class="yoast-schema-graph">{"@context":"https://schema.org","@graph":[{"@type":"WebPage","@id":"https://mommertz.health/es/produkt/mommertz-crema-de-dia/","url":"https://mommertz.health/es/produkt/mommertz-crema-de-dia/","name":"Dr. Mommertz Crema de día - Mommertz Health - Gesund und schön an der Costa de la Luz","isPartOf":{"@id":"https://mommertz.health/es/#website"},"primaryImageOfPage":{"@id":"https://mommertz.health/es/produkt/mommertz-crema-de-dia/#primaryimage"},"image":{"@id":"https://mommertz.health/es/produkt/mommertz-crema-de-dia/#primaryimage"},"thumbnailUrl":"https://mommertz.health/wp-content/uploads/2016/07/shop-product-15.jpg","datePublished":"2016-07-21T06:00:50+00:00","dateModified":"2023-01-14T08:01:01+00:00","breadcrumb":{"@id":"https://mommertz.health/es/produkt/mommertz-crema-de-dia/#breadcrumb"},"inLanguage":"es","potentialAction":[{"@type":"ReadAction","target":["https://mommertz.health/es/produkt/mommertz-crema-de-dia/"]}]},{"@type":"ImageObject","inLanguage":"es","@id":"https://mommertz.health/es/produkt/mommertz-crema-de-dia/#primaryimage","url":"https://mommertz.health/wp-content/uploads/2016/07/shop-product-15.jpg","contentUrl":"https://mommertz.health/wp-content/uploads/2016/07/shop-product-15.jpg","width":800,"height":800},{"@type":"BreadcrumbList","@id":"https://mommertz.health/es/produkt/mommertz-crema-de-dia/#breadcrumb","itemListElement":[{"@type":"ListItem","position":1,"name":"Startseite","item":"https://mommertz.health/es/home/"},{"@type":"ListItem","position":2,"name":"Productos","item":"https://mommertz.health/es/shop/"},{"@type":"ListItem","position":3,"name":"Dr. Mommertz Crema de día"}]},{"@type":"WebSite","@id":"https://mommertz.health/es/#website","url":"https://mommertz.health/es/","name":"Mommertz Health - Gesund und schön an der Costa de la Luz","description":"Wir bieten Ihnen die passenden Kosmetik- und Gesundheitsbehandlungen für Ihren perfekten Urlaub an der Costa de la Luz","publisher":{"@id":"https://mommertz.health/es/#organization"},"potentialAction":[{"@type":"SearchAction","target":{"@type":"EntryPoint","urlTemplate":"https://mommertz.health/es/?s={search_term_string}"},"query-input":{"@type":"PropertyValueSpecification","valueRequired":true,"valueName":"search_term_string"}}],"inLanguage":"es"},{"@type":"Organization","@id":"https://mommertz.health/es/#organization","name":"Dr. Mommertz - Mommertz Health","url":"https://mommertz.health/es/","logo":{"@type":"ImageObject","inLanguage":"es","@id":"https://mommertz.health/es/#/schema/logo/image/","url":"https://mommertz.health/wp-content/uploads/2022/12/Small.png","contentUrl":"https://mommertz.health/wp-content/uploads/2022/12/Small.png","width":512,"height":506,"caption":"Dr. Mommertz - Mommertz Health"},"image":{"@id":"https://mommertz.health/es/#/schema/logo/image/"},"sameAs":["https://www.facebook.com/profile.php?id=100088873442215","https://www.instagram.com/dr_g_mommertz_beleza_y_salud/"]}]}</script>
<!-- / Yoast SEO plugin. -->

Dr. Mommertz Crema de día - Mommertz Health - Gesund und schön an der Costa de la Luz

Mommertz Health - Gesund und schön an der Costa de la Luz

Wir bieten Ihnen die passenden Kosmetik- und Gesundheitsbehandlungen für Ihren perfekten Urlaub an der Costa de la Luz
